ppose 3*s = -5*o + 29, w*o - 4*s + 4 = -0*o. Let r(c) = o*c - 6 - c + c - 3*c. Calculate r(0).
-6
Let c(d) = d**3 - 6*d**2 - d - 5. Suppose 2*q - 5*t = -0*t + 32, 0 = -3*q + t + 22. Determine c(q).
-11
Let o(i) be the second derivative of 0 - 3*i - 1/12*i**4 + 3*i**2 + 7/6*i**3. Calculate o(6).
12
Let x(i) = 2*i. Let o = 15 - 10. Suppose 0 = 5*n - 5*g - o, 0 = 4*g + g. Give x(n).
2
Let s(p) = -17*p + 1. Let h(b) = 16*b + 1 - 3 + 1. Let r(a) = 4*h(a) + 3*s(a). Determine r(1).
12
Let y be (-6)/(-9)*(-3)/(-2). Let a(s) = -s**2 + 336*s - 336*s. Give a(y).
-1
Let k(y) be the second derivative of -13*y**5/20 - y**4/12 + y**3/6 + y**2/2 + 2*y. Let s be -4 + (-1)/(6/(-18)). Calculate k(s).
12
Let u(s) = s - 4. Let w(d) = d**2 + 6*d + 10. Let c be w(-5). Calculate u(c).
1
Let b(q) be the second derivative of 0 + 4*q - 1/6*q**3 - 1/2*q**2. Determine b(-6).
5
Let d(z) = -z**2 + z + 1. Let r(h) = 9 + 2*h - 7*h**2 + 5*h**3 - 3*h**2 - 4*h**3. Let i(s) = -4*d(s) + r(s). What is i(6)?
-7
Let b(j) = 0*j + 2*j - 7*j**2 - 4*j**2 - 3*j. Give b(1).
-12
Let g(p) = -3*p + 4 - 1 - 1. Let f be (-15)/(-6)*(-1 - 45/(-25)). Calculate g(f).
-4
Let b(g) = -g**2 - g + 2. Suppose 4*j - 16 = -0*j. Suppose 0 = -l - j + 1. Determine b(l).
-4
Let r(k) = -k**3 - 5*k**2 - k - 6. Let x be 3/((-9)/15) - (-6 + 6). What is r(x)?
-1
Let h(v) = -2*v**3 - 3*v**2 + v + 2. Suppose 0 = -3*i - 6. Calculate h(i).
4
Let j(h) = -4 + 1 - 3*h**2 - 86*h**3 + 1 + 85*h**3 - h. Give j(-3).
1
Let i(m) = m + 0*m - 1 + 0*m. Suppose -5*z = -18 - 2. Suppose 5*v - 23 = -3*y, -v = -0*v - z. Give i(y).
0
Let m(p) = -1 - 4*p**2 + p**2 - 1 - 4*p. Let f be ((-2)/3)/((-4)/18). Let n = f + -5. What is m(n)?
-6
Let m(q) = 0*q + q**2 - 6*q - 2 - 2*q**2. Determine m(-6).
-2
Let i(u) = -u**3 - 2*u - 1. Let y be i(0). Let l(j) = -j**2 - 2*j - 1. Calculate l(y).
0
Let o(p) = -p**2 + 5*p + 15. Let k be o(8). Let f(q) = -2*q - 12. Determine f(k).
6
Let a(v) = -1 + 2 + 3 + 2*v. Let z be a(-5). Let k be z - ((0 - -1) + -2). Let c(h) = h - 1. Determine c(k).
-6
Let p be 1*(-1)/(-3)*-3. Let n(j) = -2*j. What is n(p)?
2
Let x(b) be the third derivative of b**6/30 + b**5/60 + b**4/24 + 9*b**2. Suppose 0 = 5*m - 1 + 6. Calculate x(m).
-4
Let q = 95 - 102. Let k(p) = p**2 + 8*p + 5. Calculate k(q).
-2
Let i(q) be the second derivative of q**4/2 - q**3/6 + 20*q. Determine i(-1).
7
Let b = 19 - 32. Let s = -18 - b. Let x(r) = r**3 + r**2 + 1. Let c(o) = -o**3 + 3*o**2 + 1. Let a(u) = c(u) + 2*x(u). Determine a(s).
3
Let o(j) = -6*j**3 - 23*j**2 + 20*j. Let f(c) = 2*c**3 + 8*c**2 - 7*c. Let w be (1 - (2 + 0))*-17. Let u(h) = w*f(h) + 6*o(h). Determine u(1).
-3
Let u(a) = a**3 - 5*a**2 - 6*a + 1. Let o = -42 + 48. What is u(o)?
1
Let y(f) = f**3 + 5*f**2 - 8*f - 3. Suppose 12 = 2*w - 4*w. What is y(w)?
9
Suppose 27 = 3*x + 3*m, -24 = -6*x + 2*x - m. Let d(l) be the third derivative of -l**5/30 + 7*l**4/24 + 28*l**2. Give d(x).
-15
Let p be 2/(-4)*0 - -5. Let g(t) be the second derivative of -t**3/6 + 3*t**2/2 - 2*t. What is g(p)?
-2
Let k(u) = -7*u + 9*u + 4*u**2 - u**2 + 2. Calculate k(-2).
10
Let x = -2 + 3. Suppose -1 = a + x. Let i(g) = -g**3 - g. Let d(s) = -2*s**3 - 2*s**2 - 2*s - 2. Let o(n) = d(n) - i(n). What is o(a)?
0
Let j(c) = -2*c**2 + 6*c - 4. Let k(a) = a**2 - 8*a - 5. Let b be k(9). Determine j(b).
-12
Let l(v) = -2 + 2*v + 6*v - 4*v. Let i(n) = n**2 - 7*n + 8. Let f be i(6). What is l(f)?
6
Let j(a) = -3*a - 6. Suppose -5*s - 46 = p, -4*p + 0 = 5*s + 49. Let c be -3 - s/(-3)*1. Determine j(c).
12
Let f = 36 + -20. Let i be (-1 - 2)/((-12)/f). Let r(p) be the second derivative of p**5/20 - p**4/4 - p**3/3 + 6*p - 2. Calculate r(i).
8
Let k = -2 - -4. Let d(r) = -k + r - r + r. Let w be (-147)/35 - (-1)/5. Give d(w).
-6
Suppose 5*z - 9 - 1 = 5*j, 2*j + 4 = -z. Suppose d + 2*d - 24 = z. Let f be 2/3 - d/(-6). Let k(q) = q**2 + q - 2. Determine k(f).
4
Suppose -13 = -w - 2. Suppose w + 9 = -5*t. Let m(j) = -j**3 - 5*j**2 - 3*j + 4. Calculate m(t).
0
Suppose -2*n + o - 4 = -n, 4*n + 7 = -5*o. Let k(a) = -a**3 - a + 1. Let z(t) = -t**3 + 6*t**2 + 2*t + 1. Let y(r) = -2*k(r) + z(r). Calculate y(n).
14
Let p(s) = s**3 - 3*s**2 - 2*s - 4. Let g = 3 + 0. Suppose 0 = 2*h - 3*h. Let w = g + h. Determine p(w).
-10
Let z(t) be the first derivative of t**4/4 + 7*t**3/3 + 7*t**2/2 + 4*t - 8. Calculate z(-5).
19
Suppose -2*k - 2 + 14 = 0. Suppose -4*n + k = -2. Let h(l) = -l - 2. Calculate h(n).
-4
Let q(m) be the third derivative of -m**6/120 + m**5/12 - m**3/2 + m**2. Let o(b) = 8*b. Let g be o(-1). Let t be 134/26 + g/52. What is q(t)?
-3
Let b(f) = f**2 - 3*f. Let y = 7 + -3. Let s be b(y). Let p(r) = r**2 - 3*r + 2. Calculate p(s).
6
Let l = -7 + 8. Let s(k) = 5*k**3 - k. Let v be s(l). Let i(t) = -t**3 + 4*t**2 - t + 3. What is i(v)?
-1
Let k be ((-10)/42)/(10/(-35)). Let z(a) be the second derivative of 0 + a**2 + 5/12*a**4 + 2*a + 1/20*a**5 + k*a**3. Calculate z(-3).
5
Let g = 27 + -28. Let u(w) = 3*w + 1 - w - 4*w**2 - w. Determine u(g).
-4
Suppose 9 = -o + 11. Suppose -6*p + 3*p = 0. Let s = o + p. Let d(t) = -3*t**2 + 2*t. What is d(s)?
-8
Let g(c) = 6*c**2 + 9*c + 3. Let b(o) = -o**2 - o - 1. Let h(x) = -5*b(x) - g(x). What is h(-5)?
-3
Let w(k) be the third derivative of k**7/2520 + k**6/180 + k**5/24 + k**4/12 + 3*k**2. Let b(h) be the second derivative of w(h). What is b(-4)?
5
Let h(x) = -6*x**2 + 6 - x**3 + 2 + 1970*x - 1969*x. Give h(-6).
2
Let n = 28 - 33. Let r(a) = -a + 5. Determine r(n).
10
Let f(r) = -r**3 - 4*r**2 + 4*r - 2. Let c be f(-5). Let w be 1 + (-2)/(1 - -1). Let q(v) = v**2 - v**c - 2 + 3 - v + w*v**3 - 7. Give q(0).
-6
Let m(s) = -s - 4. Let n(d) = 6*d**2 - d**3 - 5*d - 4*d + 2*d + 3*d + 5. Let x be n(5). Suppose 4*y + x = -2*a + 3*a, -3*y + 3*a = 3. Give m(y).
-1
Let f be (-22)/(-4) - (-5)/(-10). Let k = f - 7. Let o(u) = -3*u**2 - 4*u - 3. Calculate o(k).
-7
Suppose -4*u = -20 + 40. Let d(z) = 10*z**3 + 22*z**2 + 7*z - 6. Let v(g) = 7*g**3 + 15*g**2 + 5*g - 4. Let o(b) = -5*d(b) + 7*v(b). Calculate o(u).
2
Suppose 0 = 4*n, -2*n - 30 = -5*k - n. Let q(c) be the second derivative of c**3/6 + 2*c**2 - 3*c - 3. Calculate q(k).
10
Let p(n) = 4*n**2 + 3*n**3 + 1 - n**2 - 2*n**2 - 2*n. Suppose -5*c + 2 = -3*c. Give p(c).
3
Suppose -2*s + 14 = 18. Let n(x) = -3*x**3 - 4*x**2 - 2*x + 1. Give n(s).
13
Let h(u) = u**2 + u. Suppose 2 + 14 = -4*f. Let x = f - -5. Let i be (1 - 0)*2/x. Give h(i).
6
Let f(d) = -2*d**2 - 4 + 3 + 2 - 2*d. Let z be 3/9 + (-4)/(-6). What is f(z)?
-3
Let q(c) = c**3 + 5*c**2 - 6*c. Suppose 22 = -3*p + 4. Give q(p).
0
Let d(u) = u**3 - 6*u**2 + 4*u + 7. Let h be d(5). Suppose 5*b + 10 = 2*b - h*j, -2*j = 2*b + 8. Let s(g) = -2*g**2 + 2*g + 3. Give s(b).
-9
Let j(t) = -t**2 - 5*t - 2. Let w be j(-4). Let o(f) = 4 - 7 + 4 + 4*f**2 - 2*f. What is o(w)?
13
Let u(j) be the third derivative of j**5/60 + 5*j**4/24 + j**3/6 - 4*j**2. Let h be u(-4). Let r(m) = -m**3 - m**2 + 4*m + 2. Give r(h).
8
Let o(t) = 7*t**2 - t - 8. Let m(b) = -5*b**2 + b + 5. Let p(a) = -8*m(a) - 5*o(a). What is p(2)?
14
Let h(p) be the second derivative of -p**3/6 + p**2/2 + 5*p. Let j(z) = z - 2. Let w be j(6). Calculate h(w).
-3
Let r(g) = g**2 + 10*g + 13. Let m be r(-8). Let i(t) = 2*t + 1. Determine i(m).
-5
Let j(c) = -c + 1. Let r(q) = -3*q + 5. Let n(x) = -10*j(x) + 2*r(x). Let u = -4 + 8. Let i = u - 2. Give n(i).
8
Let p(j) = j**3 + 3*j**2 - 4*j - 5. Let s(f) = -f**3 + 12*f**2 - 20*f - 4. Let b be s(10). Calculate p(b).
-5
Let p(v) = 11*v + 5*v - 31*v + 13*v. Calculate p(-3).
6
Let t(z) = z**2 + z - 1. Let k(b) = 2*b**2 + 6*b - 3. Let n(l) = k(l) - 3*t(l). Determine n(3).
0
Let d(k) = -k**3 - 4*k**2 - k + 1. Let f be d(-4). Let v(u) = 0 + 3*u - 3*u + 4 - 2*u. What is v(f)?
-6
Suppose -a + 2*a - 4 = 5*k, 2*a = -4*k + 8. Let d(g) = 7*g**2 + 10. Let w(o) = -o**2 - o - 1. Let m(b) = d(b) + 6*w(b). What is m(a)?
-4
Let q(v) = -v**3 - v**2 + 3*v + 1. Let f be q(-2). Let z(o) be the first derivative of -7*o**4/4 - o**3/3 + o - 12. Determine z(f).
7
Let i(z) be the third derivative of z**9/60480 + z**8/4032 + z**7/5040 + 2*z**5/15 + 5*z**2. Let f(y) be the third derivative of i(y). What is f(-5)?
-5
Let u = -1 - 0. Let p(x) = -3584 + 3584 + 8*x. What is p(u)?
-8
Let z(o) be the third derivative of -o**5/60 +